{"id":50,"date":"2025-07-08T10:16:53","date_gmt":"2025-07-08T10:16:53","guid":{"rendered":"http:\/\/kaptaly.cluster021.hosting.ovh.net\/index.php\/about\/"},"modified":"2026-02-10T11:57:33","modified_gmt":"2026-02-10T11:57:33","slug":"parcours","status":"publish","type":"page","link":"https:\/\/www.kaptalis-consult.com\/index.php\/parcours\/","title":{"rendered":"Mon Parcours"},"content":{"rendered":"\n<div class=\"wp-block-uagb-container uag-hide-mob uagb-block-eb6c5a44 alignfull uagb-is-root-container\"><div class=\"uagb-container-inner-blocks-wrap\">\n<h1 class=\"wp-block-heading has-text-align-center has-ast-global-color-4-color has-text-color has-link-color wp-elements-c3062e5a6d4467a85fe126b3c299d094\">Mon Parcours<\/h1>\n\n\n\n<p class=\"has-text-align-center has-ast-global-color-4-color has-text-color has-link-color wp-elements-93f1f7163303ec819efc5b0aa19bacdf\" style=\"font-size:30px\">Ing\u00e9nieur, Manager et Partenaire de votre croissance.<br><\/p>\n<\/div><\/div>\n\n\n\n<div class=\"wp-block-uagb-container uag-hide-desktop uag-hide-tab uagb-block-f10c1695 alignfull uagb-is-root-container\"><div class=\"uagb-container-inner-blocks-wrap\">\n<h1 class=\"wp-block-heading has-text-align-center has-ast-global-color-4-color has-text-color has-link-color wp-elements-299acf1a5dff9a318e4e45f7933efcc9\" style=\"font-size:28px\">Mon Parcours<\/h1>\n\n\n\n<p class=\"has-text-align-center has-ast-global-color-4-color has-text-color has-link-color wp-elements-809f2aa22c156b30ab9e1b6663142c2c\" style=\"font-size:20px\">Ing\u00e9nieur, Manager et Partenaire de votre croissance.<br><\/p>\n<\/div><\/div>\n\n\n\n<div class=\"wp-block-columns is-layout-flex wp-container-core-columns-is-layout-28f84493 wp-block-columns-is-layout-flex\">\n<div class=\"wp-block-column is-layout-flow wp-block-column-is-layout-flow\" style=\"flex-basis:100%\">\n<div class=\"wp-block-uagb-container uagb-block-cdc189db alignfull uagb-is-root-container\"><div class=\"uagb-container-inner-blocks-wrap\">\n<div class=\"wp-block-uagb-container uagb-block-c554ccba\">\n<div class=\"wp-block-uagb-image uagb-block-d24f6934 wp-block-uagb-image--layout-default wp-block-uagb-image--effect-static wp-block-uagb-image--align-none\"><figure class=\"wp-block-uagb-image__figure\"><img loading=\"lazy\" decoding=\"async\" srcset=\"https:\/\/www.kaptalis-consult.com\/wp-content\/uploads\/2025\/07\/logo1-reduit-300x116.png ,https:\/\/www.kaptalis-consult.com\/wp-content\/uploads\/2025\/07\/logo1-reduit.png 780w, https:\/\/www.kaptalis-consult.com\/wp-content\/uploads\/2025\/07\/logo1-reduit.png 360w\" sizes=\"auto, (max-width: 480px) 150px\" src=\"https:\/\/www.kaptalis-consult.com\/wp-content\/uploads\/2025\/07\/logo1-reduit-300x116.png\" alt=\"\" class=\"uag-image-66\" width=\"300\" height=\"116\" title=\"logo1-reduit\" loading=\"lazy\" role=\"img\"\/><\/figure><\/div>\n<\/div>\n\n\n\n<div class=\"wp-block-uagb-container uagb-block-9dc9fc85\">\n<h2 class=\"wp-block-heading\">De l&rsquo;Ing\u00e9nierie au Pilotage Strat\u00e9gique<\/h2>\n\n\n\n<blockquote class=\"wp-block-quote is-layout-flow wp-block-quote-is-layout-flow\">\n<p>Ing\u00e9nieur Polytech de formation, j&rsquo;ai b\u00e2ti ma carri\u00e8re sur une conviction : la r\u00e9ussite technique ne vaut rien sans une organisation humaine performante.<\/p>\n\n\n\n<p><strong>1. Les racines techniques (15+ ans d&rsquo;exp\u00e9rience)<\/strong> J&rsquo;ai d\u00e9but\u00e9 \u00ab\u00a0les mains dans le code\u00a0\u00bb, en d\u00e9veloppant des syst\u00e8mes embarqu\u00e9s Linux et des solutions C++ complexes<sup><\/sup><sup><\/sup><sup><\/sup><sup><\/sup><sup><\/sup><sup><\/sup><sup><\/sup><sup><\/sup><sup><\/sup>. Cette l\u00e9gitimit\u00e9 technique me permet aujourd&rsquo;hui de dialoguer d&rsquo;\u00e9gal \u00e0 \u00e9gal avec vos d\u00e9veloppeurs, de comprendre la dette technique r\u00e9elle et de challenger les architectures sans barri\u00e8re de langage.<\/p>\n\n\n\n<p><strong>2. Le management en contexte international<\/strong> Mon parcours m&rsquo;a ensuite men\u00e9 vers le pilotage de projets d&rsquo;envergure. Chez <strong>Rakuten<\/strong> ou <strong>Netgem<\/strong>, j&rsquo;ai appris \u00e0 coordonner des \u00e9quipes distribu\u00e9es et \u00e0 g\u00e9rer des exigences clients internationales (Japon, Europe)<sup><\/sup><sup><\/sup><sup><\/sup><sup><\/sup>. J&rsquo;y ai affin\u00e9 ma ma\u00eetrise des m\u00e9thodologies Agiles (Scrum Master certifi\u00e9) et du DevOps<sup><\/sup><sup><\/sup><sup><\/sup><sup><\/sup>.<\/p>\n\n\n\n<p><strong>3. L&rsquo;exigence du M\u00e9dical (MedTech)<\/strong> Ces derni\u00e8res ann\u00e9es, j&rsquo;ai choisi de mettre cette rigueur au service de la sant\u00e9. En tant que Manager R&amp;D chez <strong>Diagdev<\/strong> et Program Manager chez <strong>Diasys<\/strong>, j&rsquo;ai pilot\u00e9 la conception d&rsquo;automates de diagnostic in vitro<sup><\/sup><sup><\/sup><sup><\/sup><sup><\/sup>. J&rsquo;y ai acquis une expertise rare : concilier l&rsquo;agilit\u00e9 du d\u00e9veloppement logiciel avec la lourdeur n\u00e9cessaire des normes m\u00e9dicales (IEC 62304, Marquage CE)<sup><\/sup><sup><\/sup><sup><\/sup><sup><\/sup>.<\/p>\n\n\n\n<p><strong>4. La transmission<\/strong> Aujourd&rsquo;hui, je partage \u00e9galement cette exp\u00e9rience avec les futurs ing\u00e9nieurs de l&rsquo;\u00e9cole <strong>CESI<\/strong>, o\u00f9 j&rsquo;enseigne la Qualit\u00e9 Logicielle,le DevOps et la gestion de projet complexe. Cette activit\u00e9 m&rsquo;oblige \u00e0 une veille technologique constante que je r\u00e9investis directement chez mes clients.<\/p>\n<\/blockquote>\n\n\n\n<blockquote class=\"wp-block-quote is-layout-flow wp-block-quote-is-layout-flow\">\n<p>\u00ab\u00a0Mon objectif : Faire dialoguer la technique et la strat\u00e9gie.\u00a0\u00bb<\/p>\n<\/blockquote>\n<\/div>\n<\/div><\/div>\n<\/div>\n<\/div>\n\n\n\n<p><\/p>\n\n\n\n<div class=\"wp-block-uagb-container uagb-block-d07f63bc alignfull uagb-is-root-container\"><div class=\"uagb-container-inner-blocks-wrap\">\n<h3 class=\"wp-block-heading\">Expertises valid\u00e9es<\/h3>\n\n\n<style>.wp-block-kadence-iconlist.kt-svg-icon-list-items50_05ce34-59:not(.this-stops-third-party-issues){margin-top:0px;margin-bottom:0px;}.wp-block-kadence-iconlist.kt-svg-icon-list-items50_05ce34-59 ul.kt-svg-icon-list:not(.this-prevents-issues):not(.this-stops-third-party-issues):not(.tijsloc){margin-top:0px;margin-right:0px;margin-bottom:var(--global-kb-spacing-sm, 1.5rem);margin-left:0px;}.wp-block-kadence-iconlist.kt-svg-icon-list-items50_05ce34-59 ul.kt-svg-icon-list{grid-row-gap:5px;}.wp-block-kadence-iconlist.kt-svg-icon-list-items50_05ce34-59 ul.kt-svg-icon-list .kt-svg-icon-list-item-wrap .kt-svg-icon-list-single{margin-right:10px;}.kt-svg-icon-list-items50_05ce34-59 ul.kt-svg-icon-list .kt-svg-icon-list-level-0 .kt-svg-icon-list-single svg{font-size:20px;}<\/style>\n<div class=\"wp-block-kadence-iconlist kt-svg-icon-list-items kt-svg-icon-list-items50_05ce34-59 kt-svg-icon-list-columns-1 alignnone\"><ul class=\"kt-svg-icon-list\"><style>.kt-svg-icon-list-item-50_979a86-96 .kt-svg-icon-list-single{font-size:20px !important;}.kt-svg-icon-list-item-50_979a86-96 .kt-svg-icon-list-text mark.kt-highlight{background-color:unset;font-style:normal;color:#f76a0c;-webkit-box-decoration-break:clone;box-decoration-break:clone;padding-top:0px;padding-right:0px;padding-bottom:0px;padding-left:0px;}<\/style>\n<li class=\"wp-block-kadence-listitem kt-svg-icon-list-item-wrap kt-svg-icon-list-item-50_979a86-96\"><span class=\"kb-svg-icon-wrap kb-svg-icon-ic_book kt-svg-icon-list-single\"><svg viewBox=\"0 0 8 8\"  fill=\"currentColor\" xmlns=\"http:\/\/www.w3.org\/2000\/svg\"  aria-hidden=\"true\"><path d=\"M1 0c-.07 0-.13.01-.19.03-.39.08-.7.39-.78.78-.03.06-.03.12-.03.19v5.5c0 .83.67 1.5 1.5 1.5h5.5v-1h-5.5c-.28 0-.5-.22-.5-.5s.22-.5.5-.5h5.5v-5.5c0-.28-.22-.5-.5-.5h-.5v3l-1-1-1 1v-3h-3z\"\/><\/svg><\/span><span class=\"kt-svg-icon-list-text\"><strong>Certifi\u00e9 PMP &amp; Scrum Master :<\/strong> Ma\u00eetrise des m\u00e9thodologies Waterfall et Agile.<\/span><\/li>\n\n\n<style>.kt-svg-icon-list-item-50_e8c57d-75 .kt-svg-icon-list-single{font-size:20px !important;}.kt-svg-icon-list-item-50_e8c57d-75 .kt-svg-icon-list-text mark.kt-highlight{background-color:unset;font-style:normal;color:#f76a0c;-webkit-box-decoration-break:clone;box-decoration-break:clone;padding-top:0px;padding-right:0px;padding-bottom:0px;padding-left:0px;}<\/style>\n<li class=\"wp-block-kadence-listitem kt-svg-icon-list-item-wrap kt-svg-icon-list-item-50_e8c57d-75\"><span class=\"kb-svg-icon-wrap kb-svg-icon-ic_chat kt-svg-icon-list-single\"><svg viewBox=\"0 0 8 8\"  fill=\"currentColor\" xmlns=\"http:\/\/www.w3.org\/2000\/svg\"  aria-hidden=\"true\"><path d=\"M0 0v5l1-1h1v-3h3v-1h-5zm3 2v4h4l1 1v-5h-5z\"\/><\/svg><\/span><span class=\"kt-svg-icon-list-text\"><strong>Normes M\u00e9dicales :<\/strong> Expert IEC 62304, ISO 14971, ISO 13485.<\/span><\/li>\n\n\n<style>.kt-svg-icon-list-item-50_7d0b17-ae .kt-svg-icon-list-single{font-size:20px !important;}.kt-svg-icon-list-item-50_7d0b17-ae .kt-svg-icon-list-text mark.kt-highlight{background-color:unset;font-style:normal;color:#f76a0c;-webkit-box-decoration-break:clone;box-decoration-break:clone;padding-top:0px;padding-right:0px;padding-bottom:0px;padding-left:0px;}<\/style>\n<li class=\"wp-block-kadence-listitem kt-svg-icon-list-item-wrap kt-svg-icon-list-item-50_7d0b17-ae\"><span class=\"kb-svg-icon-wrap kb-svg-icon-ic_fork kt-svg-icon-list-single\"><svg viewBox=\"0 0 8 8\"  fill=\"currentColor\" xmlns=\"http:\/\/www.w3.org\/2000\/svg\"  aria-hidden=\"true\"><path d=\"M1.5 0c-.83 0-1.5.67-1.5 1.5 0 .66.41 1.2 1 1.41v2.19c-.59.2-1 .75-1 1.41 0 .83.67 1.5 1.5 1.5s1.5-.67 1.5-1.5c0-.6-.34-1.1-.84-1.34.09-.09.21-.16.34-.16h2c.82 0 1.5-.68 1.5-1.5v-.59c.59-.2 1-.75 1-1.41 0-.83-.67-1.5-1.5-1.5s-1.5.67-1.5 1.5c0 .66.41 1.2 1 1.41v.59c0 .28-.22.5-.5.5h-2c-.17 0-.35.04-.5.09v-1.19c.59-.2 1-.75 1-1.41 0-.83-.67-1.5-1.5-1.5z\"\/><\/svg><\/span><span class=\"kt-svg-icon-list-text\"><strong>Technique :<\/strong> Cloud (AWS\/GCP), CI\/CD, C++, Python, Linux Embarqu\u00e9.<\/span><\/li>\n<\/ul><\/div>\n<\/div><\/div>\n\n\n\n<p><\/p>\n\n\n\n<div class=\"wp-block-uagb-container uag-hide-mob uagb-block-1753693e alignfull uagb-is-root-container\"><div class=\"uagb-container-inner-blocks-wrap\">\n<h2 class=\"wp-block-heading has-text-align-center\">Une question sur une mission de transition ou un audit ?<br>Je vous r\u00e9ponds sous 24h.<\/h2>\n\n\n\n<div class=\"wp-block-buttons is-content-justification-center is-layout-flex wp-container-core-buttons-is-layout-a89b3969 wp-block-buttons-is-layout-flex\">\n<div class=\"wp-block-button is-style-outline is-style-outline--1\"><a class=\"wp-block-button__link wp-element-button\">T\u00e9l\u00e9charger mon CV<\/a><\/div>\n\n\n\n<div class=\"wp-block-button\"><a class=\"wp-block-button__link wp-element-button\" href=\"https:\/\/www.kaptalis-consult.com\/index.php\/contact\/\">Me contacter<\/a><\/div>\n<\/div>\n<\/div><\/div>\n\n\n\n<div class=\"wp-block-uagb-container uag-hide-desktop uag-hide-tab uagb-block-e2e8f98b alignfull uagb-is-root-container\"><div class=\"uagb-container-inner-blocks-wrap\">\n<h2 class=\"wp-block-heading has-text-align-center\" style=\"font-size:18px\">Une question sur une mission de transition ou un audit ?<br><br>Je vous r\u00e9ponds sous 24h.<\/h2>\n\n\n\n<div class=\"wp-block-buttons is-content-justification-center is-layout-flex wp-container-core-buttons-is-layout-a89b3969 wp-block-buttons-is-layout-flex\">\n<div class=\"wp-block-button is-style-outline is-style-outline--2\"><a class=\"wp-block-button__link wp-element-button\">T\u00e9l\u00e9charger mon CV<\/a><\/div>\n\n\n\n<div class=\"wp-block-button\"><a class=\"wp-block-button__link wp-element-button\" href=\"https:\/\/www.kaptalis-consult.com\/index.php\/contact\/\">Me contacter<\/a><\/div>\n<\/div>\n<\/div><\/div>\n\n\n\n<p><\/p>\n","protected":false},"excerpt":{"rendered":"<p>Mon Parcours Ing\u00e9nieur, Manager et Partenaire de votre croissance. Mon Parcours Ing\u00e9nieur, Manager et Partenaire de votre croissance. De l&rsquo;Ing\u00e9nierie [&hellip;]<\/p>\n","protected":false},"author":1,"featured_media":0,"parent":0,"menu_order":0,"comment_status":"closed","ping_status":"closed","template":"","meta":{"_uag_custom_page_level_css":"","site-sidebar-layout":"default","site-content-layout":"","ast-site-content-layout":"default","site-content-style":"default","site-sidebar-style":"default","ast-global-header-display":"","ast-banner-title-visibility":"","ast-main-header-display":"","ast-hfb-above-header-display":"","ast-hfb-below-header-display":"","ast-hfb-mobile-header-display":"","site-post-title":"disabled","ast-breadcrumbs-content":"","ast-featured-img":"","footer-sml-layout":"","theme-transparent-header-meta":"","adv-header-id-meta":"","stick-header-meta":"","header-above-stick-meta":"","header-main-stick-meta":"","header-below-stick-meta":"","astra-migrate-meta-layouts":"default","ast-page-background-enabled":"default","ast-page-background-meta":{"desktop":{"background-color":"var(--ast-global-color-5)","background-image":"","background-repeat":"repeat","background-position":"center center","background-size":"auto","background-attachment":"scroll","background-type":"","background-media":"","overlay-type":"","overlay-color":"","overlay-opacity":"","overlay-gradient":""},"tablet":{"background-color":"","background-image":"","background-repeat":"repeat","background-position":"center center","background-size":"auto","background-attachment":"scroll","background-type":"","background-media":"","overlay-type":"","overlay-color":"","overlay-opacity":"","overlay-gradient":""},"mobile":{"background-color":"","background-image":"","background-repeat":"repeat","background-position":"center center","background-size":"auto","background-attachment":"scroll","background-type":"","background-media":"","overlay-type":"","overlay-color":"","overlay-opacity":"","overlay-gradient":""}},"ast-content-background-meta":{"desktop":{"background-color":"var(--ast-global-color-4)","background-image":"","background-repeat":"repeat","background-position":"center center","background-size":"auto","background-attachment":"scroll","background-type":"","background-media":"","overlay-type":"","overlay-color":"","overlay-opacity":"","overlay-gradient":""},"tablet":{"background-color":"var(--ast-global-color-4)","background-image":"","background-repeat":"repeat","background-position":"center center","background-size":"auto","background-attachment":"scroll","background-type":"","background-media":"","overlay-type":"","overlay-color":"","overlay-opacity":"","overlay-gradient":""},"mobile":{"background-color":"var(--ast-global-color-4)","background-image":"","background-repeat":"repeat","background-position":"center center","background-size":"auto","background-attachment":"scroll","background-type":"","background-media":"","overlay-type":"","overlay-color":"","overlay-opacity":"","overlay-gradient":""}},"_kadence_starter_templates_imported_post":true,"footnotes":""},"class_list":["post-50","page","type-page","status-publish","hentry"],"uagb_featured_image_src":{"full":false,"thumbnail":false,"medium":false,"medium_large":false,"large":false,"1536x1536":false,"2048x2048":false},"uagb_author_info":{"display_name":"admin8250","author_link":"https:\/\/www.kaptalis-consult.com\/index.php\/author\/admin8250\/"},"uagb_comment_info":0,"uagb_excerpt":"Mon Parcours Ing\u00e9nieur, Manager et Partenaire de votre croissance. Mon Parcours Ing\u00e9nieur, Manager et Partenaire de votre croissance. De l&rsquo;Ing\u00e9nierie [&hellip;]","jetpack_sharing_enabled":true,"_links":{"self":[{"href":"https:\/\/www.kaptalis-consult.com\/index.php\/wp-json\/wp\/v2\/pages\/50","targetHints":{"allow":["GET"]}}],"collection":[{"href":"https:\/\/www.kaptalis-consult.com\/index.php\/wp-json\/wp\/v2\/pages"}],"about":[{"href":"https:\/\/www.kaptalis-consult.com\/index.php\/wp-json\/wp\/v2\/types\/page"}],"author":[{"embeddable":true,"href":"https:\/\/www.kaptalis-consult.com\/index.php\/wp-json\/wp\/v2\/users\/1"}],"replies":[{"embeddable":true,"href":"https:\/\/www.kaptalis-consult.com\/index.php\/wp-json\/wp\/v2\/comments?post=50"}],"version-history":[{"count":30,"href":"https:\/\/www.kaptalis-consult.com\/index.php\/wp-json\/wp\/v2\/pages\/50\/revisions"}],"predecessor-version":[{"id":499,"href":"https:\/\/www.kaptalis-consult.com\/index.php\/wp-json\/wp\/v2\/pages\/50\/revisions\/499"}],"wp:attachment":[{"href":"https:\/\/www.kaptalis-consult.com\/index.php\/wp-json\/wp\/v2\/media?parent=50"}],"curies":[{"name":"wp","href":"https:\/\/api.w.org\/{rel}","templated":true}]}}